by 232?
228
Calculate the remainder when 294 is divided by 37.
35
Calculate the remainder when 749 is divided by 109.
95
What is the remainder when 812 is divided by 74?
72
What is the remainder when 22 is divided by 13?
9
What is the remainder when 377 is divided by 27?
26
What is the remainder when 4686 is divided by 43?
42
Calculate the remainder when 1471 is divided by 243.
13
Calculate the remainder when 9962 is divided by 58.
44
What is the remainder when 1607 is divided by 10?
7
Calculate the remainder when 664 is divided by 23.
20
Calculate the remainder when 9 is divided by 9.
0
What is the remainder when 80 is divided by 24?
8
What is the remainder when 104 is divided by 35?
34
Calculate the remainder when 85 is divided by 20.
5
What is the remainder when 97 is divided by 32?
1
Calculate the remainder when 1283 is divided by 56.
51
Calculate the remainder when 712 is divided by 119.
117
What is the remainder when 261 is divided by 89?
83
What is the remainder when 6635 is divided by 12?
11
What is the remainder when 1615 is divided by 324?
319
What is the remainder when 813 is divided by 68?
65
What is the remainder when 9394 is divided by 348?
346
What is the remainder when 1853 is divided by 387?
305
What is the remainder when 20157 is divided by 224?
221
Calculate the remainder when 34 is divided by 25.
9
Calculate the remainder when 495 is divided by 50.
45
What is the remainder when 98 is divided by 25?
23
What is the remainder when 205 is divided by 23?
21
Calculate the remainder when 210 is divided by 22.
12
Calculate the remainder when 13389 is divided by 108.
105
What is the remainder when 153 is divided by 127?
26
Calculate the remainder when 95 is divided by 22.
7
Calculate the remainder when 8566 is divided by 428.
6
What is the remainder when 26 is divided by 5?
1
What is the remainder when 1184 is divided by 402?
380
What is the remainder when 86 is divided by 36?
14
Calculate the remainder when 180 is divided by 3.
0
Calculate the remainder when 6308 is divided by 3147.
14
What is the remainder when 791 is divided by 51?
26
What is the remainder when 492 is divided by 27?
6
Calculate the remainder when 331 is divided by 158.
15
Calculate the remainder when 1869 is divided by 11.
10
Calculate the remainder when 251 is divided by 74.
29
Calculate the remainder when 524 is divided by 21.
20
Calculate the remainder when 1775 is divided by 13.
7
Calculate the remainder when 76 is divided by 67.
9
Calculate the remainder when 273 is divided by 72.
57
What is the remainder when 58 is divided by 12?
10
What is the remainder when 116 is divided by 7?
4
What is the remainder when 19 is divided by 8?
3
What is the remainder when 339 is divided by 85?
84
Calculate the remainder when 822 is divided by 630.
192
What is the remainder when 1331 is divided by 46?
43
Calculate the remainder when 5751 is divided by 21.
18
Calculate the remainder when 94 is divided by 25.
19
Calculate the remainder when 193 is divided by 20.
13
Calculate the remainder when 160 is divided by 45.
25
What is the remainder when 1059 is divided by 46?
1
Calculate the remainder when 135 is divided by 23.
20
What is the remainder when 4094 is divided by 91?
90
What is the remainder when 382 is divided by 32?
30
Calculate the remainder when 178 is divided by 34.
8
What is the remainder when 19417 is divided by 73?
72
What is the remainder when 92 is divided by 10?
2
Calculate the remainder when 555 is divided by 96.
75
Calculate the remainder when 38 is divided by 14.
10
What is the remainder when 2114 is divided by 29?
26
What is the remainder when 139 is divided by 138?
1
What is the remainder when 5242 is divided by 128?
122
Calculate the remainder when 32 is divided by 14.
4
What is the remainder when 421 is divided by 21?
1
Calculate the remainder when 2619 is divided by 142.
63
What is the remainder when 449 is divided by 75?
74
Calculate the remainder when 1648 is divided by 820.
8
Calculate the remainder when 316 is divided by 16.
12
Calculate the remainder when 270 is divided by 146.
124
Calculate the remainder when 521 is divided by 93.
56
Calculate the remainder when 4106 is divided by 7.
4
What is the remainder when 1189 is divided by 10?
9
Calculate the remainder when 402 is divided by 52.
38
What is the remainder when 328 is divided by 30?
28
What is the remainder when 799 is divided by 33?
7
What is the remainder when 248 is divided by 12?
8
Calculate the remainder when 320 is divided by 311.
9
What is the remainder when 237 is divided by 50?
37
What is the remainder when 51 is divided by 15?
6
What is the remainder when 309 is divided by 86?
51
Calculate the remainder when 1653 is divided by 238.
225
What is the remainder when 559 is divided by 179?
22
What is the remainder when 437 is divided by 135?
32
Calculate the remainder when 10494 is divided by 375.
369
What is the remainder when 453 is divided by 101?
49
What is the remainder when 489 is divided by 82?
79
What is the remainder when 1160 is divided by 73?
65
Calculate the remainder when 47 is divided by 24.
23
What is the remainder when 654 is divided by 47?
43
Calculate the remainder when 226 is divided by 61.
43
Calculate the remainder when 265 is divided by 92.
81
What is the remainder when 356 is divided by 58?
8
Calculate the remainder when 181 is divided by 46.
43
Calculate the remainder when 4271 is divided by 30.
11
What is the remainder when 149 is divided by 11?
6
Calculate the remainder when 15038 is divided by 27.
26
Calculate the remainder when 1025 is divided by 294.
143
What is the remainder when 269 is divided by 10?
9
What is the remainder when 81 is divided by 5?
1
Calculate the remainder when 33 is divided by 32.
1
Calculate the remainder when 11 is divided by 6.
5
What is the remainder when 53 is divided by 43?
10
Calculate the remainder when 157 is divided by 4.
1
Calculate the remainder when 271 is divided by 72.
55
Calculate the remainder when 2208 is divided by 85.
83
Calculate the remainder when 156 is divided by 31.
1
Calculate the remainder when 356 is divided by 46.
34
What is the remainder when 212 is divided by 107?
105
What is the remainder when 63 is divided by 31?
1
What is the remainder when 423 is divided by 39?
33
Calculate the remainder when 1569 is divided by 13.
9
What is the remainder when 349 is divided by 119?
111
What is the remainder when 86 is divided by 24?
14
Calculate the remainder when 238 is divided by 12.
10
What is the remainder when 4148 is divided by 277?
270
Calculate the remainder when 483 is divided by 263.
220
Calculate the remainder when 2074 is divided by 77.
72
Calculate the remainder when 203 is divided by 31.
17
Calculate the remainder when 1560 is divided by 98.
90
Calculate the remainder when 75 is divided by 38.
37
What is the remainder when 328 is divided by 67?
60
Calculate the remainder when 65 is divided by 32.
1
Calculate the remainder when 154 is divided by 43.
25
Calculate the remainder when 1295 is divided by 641.
13
Calculate the remainder when 2765 is divided by 578.
453
Calculate the remainder when 57 is divided by 20.
17
What is the remainder when 62 is divided by 7?
6
What is the remainder when 86 is divided by 37?
12
What is the remainder when 2803 is divided by 61?
58
What is the remainder when 94 is divided by 41?
12
What is the remainder when 587 is divided by 150?
137
Calculate the remainder when 46829 is divided by 35.
34
Calculate the remainder when 22 is divided by 19.
3
What is the remainder when 85 is divided by 23?
16
What is the remainder when 183 is divided by 22?
7
What is the remainder when 362 is divided by 14?
12
Calculate the remainder when 256 is divided by 84.
4
What is the remainder when 218 is divided by 87?
44
Calculate the remainder when 863 is divided by 12.
11
Calculate the remainder when 31 is divided by 9.
4
What is the remainder when 302 is divided by 16?
14
What is the remainder when 2334 is divided by 63?
3
Calculate the remainder when 1805 is divided by 599.
8
What is the remainder when 272 is divided by 18?
2
What is the remainder when 101 is divided by 91?
10
Calculate the remainder when 438 is divided by 34.
30
What is the remainder when 957 is divided by 918?
39
Calculate